{"id":5792,"date":"2025-05-05T17:03:59","date_gmt":"2025-05-05T17:03:59","guid":{"rendered":"https:\/\/www.niamoda.es\/?post_type=product&#038;p=5792"},"modified":"2025-12-16T11:50:31","modified_gmt":"2025-12-16T11:50:31","slug":"vestido-midi-en-lightdenim-salsa-jeans","status":"publish","type":"product","link":"https:\/\/www.niamoda.es\/index.php\/producto\/vestido-midi-en-lightdenim-salsa-jeans\/","title":{"rendered":"Vestido midi en lightdenim Salsa Jeans"},"content":{"rendered":"<p>Vestido Salsa Jeans<\/p>\n<p>Este vestido camisero midi, en lightdenim, tiene un corte m\u00e1s suelto y ajustado en la cintura, proporcionando comodidad y libertad de movimientos. Detalles como los botones y el cintur\u00f3n desmontable, que tiene una hebilla de rafia, a\u00f1aden un toque de glamour y sofisticaci\u00f3n. El escote de cuello en V alarga la silueta y las mangas cortas con hombro ca\u00eddo le dan un aire relajado, y la elegante abertura frontal invita a bailar d\u00eda y noche.<\/p>\n<p>Composici\u00f3n: 100% liocel.<\/p>\n<p>Lavar a 30 grados, no usar secadora y no utilizar plancha caliente.<\/p>\n<p>Disponible en tallas: M, L y XL.<\/p>\n","protected":false},"excerpt":{"rendered":"<p>Vestido Salsa Jeans Este vestido camisero midi, en lightdenim, tiene un corte m\u00e1s suelto y ajustado en la cintura, proporcionando comodidad y libertad de movimientos. Detalles como los botones y el cintur\u00f3n desmontable, que tiene una hebilla de rafia, a\u00f1aden un toque de glamour y sofisticaci\u00f3n. El escote de cuello en V alarga la silueta [&hellip;]<\/p>\n","protected":false},"featured_media":5796,"comment_status":"open","ping_status":"closed","template":"","meta":{"_monsterinsights_skip_tracking":false,"_monsterinsights_sitenote_active":false,"_monsterinsights_sitenote_note":"","_monsterinsights_sitenote_category":0},"product_cat":[70,15],"product_tag":[66,95],"class_list":{"0":"post-5792","1":"product","2":"type-product","3":"status-publish","4":"has-post-thumbnail","6":"product_cat-vestidos","7":"product_cat-mujer","8":"product_tag-mujer","9":"product_tag-vestidos","11":"first","12":"instock","13":"sale","14":"sold-individually","15":"taxable","16":"shipping-taxable","17":"purchasable","18":"product-type-variable","19":"add-to-wishlist-after_add_to_cart"},"yoast_head":"<!-- This site is optimized with the Yoast SEO plugin v23.2 - https:\/\/yoast.com\/wordpress\/plugins\/seo\/ -->\n<title>Vestido midi en lightdenim Salsa Jeans - Nia Moda - Moda y Belleza<\/title>\n<meta name=\"robots\" content=\"index, follow, max-snippet:-1, max-image-preview:large, max-video-preview:-1\" \/>\n<link rel=\"canonical\" href=\"https:\/\/www.niamoda.es\/index.php\/producto\/vestido-midi-en-lightdenim-salsa-jeans\/\" \/>\n<meta property=\"og:locale\" content=\"es_ES\" \/>\n<meta property=\"og:type\" content=\"article\" \/>\n<meta property=\"og:title\" content=\"Vestido midi en lightdenim Salsa Jeans - Nia Moda - Moda y Belleza\" \/>\n<meta property=\"og:description\" content=\"Vestido Salsa Jeans Este vestido camisero midi, en lightdenim, tiene un corte m\u00e1s suelto y ajustado en la cintura, proporcionando comodidad y libertad de movimientos. Detalles como los botones y el cintur\u00f3n desmontable, que tiene una hebilla de rafia, a\u00f1aden un toque de glamour y sofisticaci\u00f3n. El escote de cuello en V alarga la silueta [&hellip;]\" \/>\n<meta property=\"og:url\" content=\"https:\/\/www.niamoda.es\/index.php\/producto\/vestido-midi-en-lightdenim-salsa-jeans\/\" \/>\n<meta property=\"og:site_name\" content=\"Nia Moda - Moda y Belleza\" \/>\n<meta property=\"article:modified_time\" content=\"2025-12-16T11:50:31+00:00\" \/>\n<meta property=\"og:image\" content=\"https:\/\/www.niamoda.es\/wp-content\/uploads\/2025\/05\/1746140473_03a41717c602c86d328a006c2ce7f1df.jpg\" \/>\n\t<meta property=\"og:image:width\" content=\"1536\" \/>\n\t<meta property=\"og:image:height\" content=\"2304\" \/>\n\t<meta property=\"og:image:type\" content=\"image\/jpeg\" \/>\n<meta name=\"twitter:card\" content=\"summary_large_image\" \/>\n<meta name=\"twitter:label1\" content=\"Tiempo de lectura\" \/>\n\t<meta name=\"twitter:data1\" content=\"1 minuto\" \/>\n<script type=\"application\/ld+json\" class=\"yoast-schema-graph\">{\"@context\":\"https:\/\/schema.org\",\"@graph\":[{\"@type\":\"WebPage\",\"@id\":\"https:\/\/www.niamoda.es\/index.php\/producto\/vestido-midi-en-lightdenim-salsa-jeans\/\",\"url\":\"https:\/\/www.niamoda.es\/index.php\/producto\/vestido-midi-en-lightdenim-salsa-jeans\/\",\"name\":\"Vestido midi en lightdenim Salsa Jeans - Nia Moda - Moda y Belleza\",\"isPartOf\":{\"@id\":\"https:\/\/www.niamoda.es\/#website\"},\"primaryImageOfPage\":{\"@id\":\"https:\/\/www.niamoda.es\/index.php\/producto\/vestido-midi-en-lightdenim-salsa-jeans\/#primaryimage\"},\"image\":{\"@id\":\"https:\/\/www.niamoda.es\/index.php\/producto\/vestido-midi-en-lightdenim-salsa-jeans\/#primaryimage\"},\"thumbnailUrl\":\"https:\/\/www.niamoda.es\/wp-content\/uploads\/2025\/05\/1746140473_03a41717c602c86d328a006c2ce7f1df.jpg\",\"datePublished\":\"2025-05-05T17:03:59+00:00\",\"dateModified\":\"2025-12-16T11:50:31+00:00\",\"breadcrumb\":{\"@id\":\"https:\/\/www.niamoda.es\/index.php\/producto\/vestido-midi-en-lightdenim-salsa-jeans\/#breadcrumb\"},\"inLanguage\":\"es\",\"potentialAction\":[{\"@type\":\"ReadAction\",\"target\":[\"https:\/\/www.niamoda.es\/index.php\/producto\/vestido-midi-en-lightdenim-salsa-jeans\/\"]}]},{\"@type\":\"ImageObject\",\"inLanguage\":\"es\",\"@id\":\"https:\/\/www.niamoda.es\/index.php\/producto\/vestido-midi-en-lightdenim-salsa-jeans\/#primaryimage\",\"url\":\"https:\/\/www.niamoda.es\/wp-content\/uploads\/2025\/05\/1746140473_03a41717c602c86d328a006c2ce7f1df.jpg\",\"contentUrl\":\"https:\/\/www.niamoda.es\/wp-content\/uploads\/2025\/05\/1746140473_03a41717c602c86d328a006c2ce7f1df.jpg\",\"width\":1536,\"height\":2304},{\"@type\":\"BreadcrumbList\",\"@id\":\"https:\/\/www.niamoda.es\/index.php\/producto\/vestido-midi-en-lightdenim-salsa-jeans\/#breadcrumb\",\"itemListElement\":[{\"@type\":\"ListItem\",\"position\":1,\"name\":\"Portada\",\"item\":\"https:\/\/www.niamoda.es\/\"},{\"@type\":\"ListItem\",\"position\":2,\"name\":\"Tienda\",\"item\":\"https:\/\/www.niamoda.es\/index.php\/tienda\/\"},{\"@type\":\"ListItem\",\"position\":3,\"name\":\"Vestido midi en lightdenim Salsa Jeans\"}]},{\"@type\":\"WebSite\",\"@id\":\"https:\/\/www.niamoda.es\/#website\",\"url\":\"https:\/\/www.niamoda.es\/\",\"name\":\"Nia Moda - Moda y Belleza\",\"description\":\"\",\"publisher\":{\"@id\":\"https:\/\/www.niamoda.es\/#organization\"},\"potentialAction\":[{\"@type\":\"SearchAction\",\"target\":{\"@type\":\"EntryPoint\",\"urlTemplate\":\"https:\/\/www.niamoda.es\/?s={search_term_string}\"},\"query-input\":\"required name=search_term_string\"}],\"inLanguage\":\"es\"},{\"@type\":\"Organization\",\"@id\":\"https:\/\/www.niamoda.es\/#organization\",\"name\":\"N\u00ceA Moda&Belleza\",\"url\":\"https:\/\/www.niamoda.es\/\",\"logo\":{\"@type\":\"ImageObject\",\"inLanguage\":\"es\",\"@id\":\"https:\/\/www.niamoda.es\/#\/schema\/logo\/image\/\",\"url\":\"https:\/\/www.niamoda.es\/wp-content\/uploads\/2026\/03\/nialogo.jpg\",\"contentUrl\":\"https:\/\/www.niamoda.es\/wp-content\/uploads\/2026\/03\/nialogo.jpg\",\"width\":361,\"height\":242,\"caption\":\"N\u00ceA Moda&Belleza\"},\"image\":{\"@id\":\"https:\/\/www.niamoda.es\/#\/schema\/logo\/image\/\"}}]}<\/script>\n<!-- \/ Yoast SEO plugin. -->","yoast_head_json":{"title":"Vestido midi en lightdenim Salsa Jeans - Nia Moda - Moda y Belleza","robots":{"index":"index","follow":"follow","max-snippet":"max-snippet:-1","max-image-preview":"max-image-preview:large","max-video-preview":"max-video-preview:-1"},"canonical":"https:\/\/www.niamoda.es\/index.php\/producto\/vestido-midi-en-lightdenim-salsa-jeans\/","og_locale":"es_ES","og_type":"article","og_title":"Vestido midi en lightdenim Salsa Jeans - Nia Moda - Moda y Belleza","og_description":"Vestido Salsa Jeans Este vestido camisero midi, en lightdenim, tiene un corte m\u00e1s suelto y ajustado en la cintura, proporcionando comodidad y libertad de movimientos. Detalles como los botones y el cintur\u00f3n desmontable, que tiene una hebilla de rafia, a\u00f1aden un toque de glamour y sofisticaci\u00f3n. El escote de cuello en V alarga la silueta [&hellip;]","og_url":"https:\/\/www.niamoda.es\/index.php\/producto\/vestido-midi-en-lightdenim-salsa-jeans\/","og_site_name":"Nia Moda - Moda y Belleza","article_modified_time":"2025-12-16T11:50:31+00:00","og_image":[{"width":1536,"height":2304,"url":"https:\/\/www.niamoda.es\/wp-content\/uploads\/2025\/05\/1746140473_03a41717c602c86d328a006c2ce7f1df.jpg","type":"image\/jpeg"}],"twitter_card":"summary_large_image","twitter_misc":{"Tiempo de lectura":"1 minuto"},"schema":{"@context":"https:\/\/schema.org","@graph":[{"@type":"WebPage","@id":"https:\/\/www.niamoda.es\/index.php\/producto\/vestido-midi-en-lightdenim-salsa-jeans\/","url":"https:\/\/www.niamoda.es\/index.php\/producto\/vestido-midi-en-lightdenim-salsa-jeans\/","name":"Vestido midi en lightdenim Salsa Jeans - Nia Moda - Moda y Belleza","isPartOf":{"@id":"https:\/\/www.niamoda.es\/#website"},"primaryImageOfPage":{"@id":"https:\/\/www.niamoda.es\/index.php\/producto\/vestido-midi-en-lightdenim-salsa-jeans\/#primaryimage"},"image":{"@id":"https:\/\/www.niamoda.es\/index.php\/producto\/vestido-midi-en-lightdenim-salsa-jeans\/#primaryimage"},"thumbnailUrl":"https:\/\/www.niamoda.es\/wp-content\/uploads\/2025\/05\/1746140473_03a41717c602c86d328a006c2ce7f1df.jpg","datePublished":"2025-05-05T17:03:59+00:00","dateModified":"2025-12-16T11:50:31+00:00","breadcrumb":{"@id":"https:\/\/www.niamoda.es\/index.php\/producto\/vestido-midi-en-lightdenim-salsa-jeans\/#breadcrumb"},"inLanguage":"es","potentialAction":[{"@type":"ReadAction","target":["https:\/\/www.niamoda.es\/index.php\/producto\/vestido-midi-en-lightdenim-salsa-jeans\/"]}]},{"@type":"ImageObject","inLanguage":"es","@id":"https:\/\/www.niamoda.es\/index.php\/producto\/vestido-midi-en-lightdenim-salsa-jeans\/#primaryimage","url":"https:\/\/www.niamoda.es\/wp-content\/uploads\/2025\/05\/1746140473_03a41717c602c86d328a006c2ce7f1df.jpg","contentUrl":"https:\/\/www.niamoda.es\/wp-content\/uploads\/2025\/05\/1746140473_03a41717c602c86d328a006c2ce7f1df.jpg","width":1536,"height":2304},{"@type":"BreadcrumbList","@id":"https:\/\/www.niamoda.es\/index.php\/producto\/vestido-midi-en-lightdenim-salsa-jeans\/#breadcrumb","itemListElement":[{"@type":"ListItem","position":1,"name":"Portada","item":"https:\/\/www.niamoda.es\/"},{"@type":"ListItem","position":2,"name":"Tienda","item":"https:\/\/www.niamoda.es\/index.php\/tienda\/"},{"@type":"ListItem","position":3,"name":"Vestido midi en lightdenim Salsa Jeans"}]},{"@type":"WebSite","@id":"https:\/\/www.niamoda.es\/#website","url":"https:\/\/www.niamoda.es\/","name":"Nia Moda - Moda y Belleza","description":"","publisher":{"@id":"https:\/\/www.niamoda.es\/#organization"},"potentialAction":[{"@type":"SearchAction","target":{"@type":"EntryPoint","urlTemplate":"https:\/\/www.niamoda.es\/?s={search_term_string}"},"query-input":"required name=search_term_string"}],"inLanguage":"es"},{"@type":"Organization","@id":"https:\/\/www.niamoda.es\/#organization","name":"N\u00ceA Moda&Belleza","url":"https:\/\/www.niamoda.es\/","logo":{"@type":"ImageObject","inLanguage":"es","@id":"https:\/\/www.niamoda.es\/#\/schema\/logo\/image\/","url":"https:\/\/www.niamoda.es\/wp-content\/uploads\/2026\/03\/nialogo.jpg","contentUrl":"https:\/\/www.niamoda.es\/wp-content\/uploads\/2026\/03\/nialogo.jpg","width":361,"height":242,"caption":"N\u00ceA Moda&Belleza"},"image":{"@id":"https:\/\/www.niamoda.es\/#\/schema\/logo\/image\/"}}]}},"_links":{"self":[{"href":"https:\/\/www.niamoda.es\/index.php\/wp-json\/wp\/v2\/product\/5792","targetHints":{"allow":["GET"]}}],"collection":[{"href":"https:\/\/www.niamoda.es\/index.php\/wp-json\/wp\/v2\/product"}],"about":[{"href":"https:\/\/www.niamoda.es\/index.php\/wp-json\/wp\/v2\/types\/product"}],"replies":[{"embeddable":true,"href":"https:\/\/www.niamoda.es\/index.php\/wp-json\/wp\/v2\/comments?post=5792"}],"wp:featuredmedia":[{"embeddable":true,"href":"https:\/\/www.niamoda.es\/index.php\/wp-json\/wp\/v2\/media\/5796"}],"wp:attachment":[{"href":"https:\/\/www.niamoda.es\/index.php\/wp-json\/wp\/v2\/media?parent=5792"}],"wp:term":[{"taxonomy":"product_cat","embeddable":true,"href":"https:\/\/www.niamoda.es\/index.php\/wp-json\/wp\/v2\/product_cat?post=5792"},{"taxonomy":"product_tag","embeddable":true,"href":"https:\/\/www.niamoda.es\/index.php\/wp-json\/wp\/v2\/product_tag?post=5792"}],"curies":[{"name":"wp","href":"https:\/\/api.w.org\/{rel}","templated":true}]}}

<p>Vestido Salsa Jeans</p>
<p>Este vestido camisero midi, en lightdenim, tiene un corte más suelto y ajustado en la cintura, proporcionando comodidad y libertad de movimientos. Detalles como los botones y el cinturón desmontable, que tiene una hebilla de rafia, añaden un toque de glamour y sofisticación. El escote de cuello en V alarga la silueta y las mangas cortas con hombro caído le dan un aire relajado, y la elegante abertura frontal invita a bailar día y noche.</p>
<p>Composición: 100% liocel.</p>
<p>Lavar a 30 grados, no usar secadora y no utilizar plancha caliente.</p>
<p>Disponible en tallas: M, L y XL.</p>

<p>Vestido Salsa Jeans Este vestido camisero midi, en lightdenim, tiene un corte más suelto y ajustado en la cintura, proporcionando comodidad y libertad de movimientos. Detalles como los botones y el cinturón desmontable, que tiene una hebilla de rafia, añaden un toque de glamour y sofisticación. El escote de cuello en V alarga la silueta [&hellip;]</p>

<!-- This site is optimized with the Yoast SEO plugin v23.2 - https://yoast.com/wordpress/plugins/seo/ -->
<title>Vestido midi en lightdenim Salsa Jeans - Nia Moda - Moda y Belleza</title>
<meta name="robots" content="index, follow, max-snippet:-1, max-image-preview:large, max-video-preview:-1" />
<link rel="canonical" href="https://www.niamoda.es/index.php/producto/vestido-midi-en-lightdenim-salsa-jeans/" />
<meta property="og:locale" content="es_ES" />
<meta property="og:type" content="article" />
<meta property="og:title" content="Vestido midi en lightdenim Salsa Jeans - Nia Moda - Moda y Belleza" />
<meta property="og:description" content="Vestido Salsa Jeans Este vestido camisero midi, en lightdenim, tiene un corte más suelto y ajustado en la cintura, proporcionando comodidad y libertad de movimientos. Detalles como los botones y el cinturón desmontable, que tiene una hebilla de rafia, añaden un toque de glamour y sofisticación. El escote de cuello en V alarga la silueta [&hellip;]" />
<meta property="og:url" content="https://www.niamoda.es/index.php/producto/vestido-midi-en-lightdenim-salsa-jeans/" />
<meta property="og:site_name" content="Nia Moda - Moda y Belleza" />
<meta property="article:modified_time" content="2025-12-16T11:50:31+00:00" />
<meta property="og:image" content="https://www.niamoda.es/wp-content/uploads/2025/05/1746140473_03a41717c602c86d328a006c2ce7f1df.jpg" />
	<meta property="og:image:width" content="1536" />
	<meta property="og:image:height" content="2304" />
	<meta property="og:image:type" content="image/jpeg" />
<meta name="twitter:card" content="summary_large_image" />
<meta name="twitter:label1" content="Tiempo de lectura" />
	<meta name="twitter:data1" content="1 minuto" />
<script type="application/ld+json" class="yoast-schema-graph">{"@context":"https://schema.org","@graph":[{"@type":"WebPage","@id":"https://www.niamoda.es/index.php/producto/vestido-midi-en-lightdenim-salsa-jeans/","url":"https://www.niamoda.es/index.php/producto/vestido-midi-en-lightdenim-salsa-jeans/","name":"Vestido midi en lightdenim Salsa Jeans - Nia Moda - Moda y Belleza","isPartOf":{"@id":"https://www.niamoda.es/#website"},"primaryImageOfPage":{"@id":"https://www.niamoda.es/index.php/producto/vestido-midi-en-lightdenim-salsa-jeans/#primaryimage"},"image":{"@id":"https://www.niamoda.es/index.php/producto/vestido-midi-en-lightdenim-salsa-jeans/#primaryimage"},"thumbnailUrl":"https://www.niamoda.es/wp-content/uploads/2025/05/1746140473_03a41717c602c86d328a006c2ce7f1df.jpg","datePublished":"2025-05-05T17:03:59+00:00","dateModified":"2025-12-16T11:50:31+00:00","breadcrumb":{"@id":"https://www.niamoda.es/index.php/producto/vestido-midi-en-lightdenim-salsa-jeans/#breadcrumb"},"inLanguage":"es","potentialAction":[{"@type":"ReadAction","target":["https://www.niamoda.es/index.php/producto/vestido-midi-en-lightdenim-salsa-jeans/"]}]},{"@type":"ImageObject","inLanguage":"es","@id":"https://www.niamoda.es/index.php/producto/vestido-midi-en-lightdenim-salsa-jeans/#primaryimage","url":"https://www.niamoda.es/wp-content/uploads/2025/05/1746140473_03a41717c602c86d328a006c2ce7f1df.jpg","contentUrl":"https://www.niamoda.es/wp-content/uploads/2025/05/1746140473_03a41717c602c86d328a006c2ce7f1df.jpg","width":1536,"height":2304},{"@type":"BreadcrumbList","@id":"https://www.niamoda.es/index.php/producto/vestido-midi-en-lightdenim-salsa-jeans/#breadcrumb","itemListElement":[{"@type":"ListItem","position":1,"name":"Portada","item":"https://www.niamoda.es/"},{"@type":"ListItem","position":2,"name":"Tienda","item":"https://www.niamoda.es/index.php/tienda/"},{"@type":"ListItem","position":3,"name":"Vestido midi en lightdenim Salsa Jeans"}]},{"@type":"WebSite","@id":"https://www.niamoda.es/#website","url":"https://www.niamoda.es/","name":"Nia Moda - Moda y Belleza","description":"","publisher":{"@id":"https://www.niamoda.es/#organization"},"potentialAction":[{"@type":"SearchAction","target":{"@type":"EntryPoint","urlTemplate":"https://www.niamoda.es/?s={search_term_string}"},"query-input":"required name=search_term_string"}],"inLanguage":"es"},{"@type":"Organization","@id":"https://www.niamoda.es/#organization","name":"NÎA Moda&Belleza","url":"https://www.niamoda.es/","logo":{"@type":"ImageObject","inLanguage":"es","@id":"https://www.niamoda.es/#/schema/logo/image/","url":"https://www.niamoda.es/wp-content/uploads/2026/03/nialogo.jpg","contentUrl":"https://www.niamoda.es/wp-content/uploads/2026/03/nialogo.jpg","width":361,"height":242,"caption":"NÎA Moda&Belleza"},"image":{"@id":"https://www.niamoda.es/#/schema/logo/image/"}}]}</script>
<!-- / Yoast SEO plugin. -->

Vestido Salsa Jeans Este vestido camisero midi, en lightdenim, tiene un corte más suelto y ajustado en la cintura, proporcionando comodidad y libertad de movimientos. Detalles como los botones y el cinturón desmontable, que tiene una hebilla de rafia, añaden un toque de glamour y sofisticación. El escote de cuello en V alarga la silueta [&hellip;]

NÎA Moda&Belleza
