{"id":7181,"date":"2025-10-01T09:48:48","date_gmt":"2025-10-01T09:48:48","guid":{"rendered":"https:\/\/www.niamoda.es\/?post_type=product&#038;p=7181"},"modified":"2025-10-01T09:48:48","modified_gmt":"2025-10-01T09:48:48","slug":"camiseta-manga-corta-morgan","status":"publish","type":"product","link":"https:\/\/www.niamoda.es\/index.php\/producto\/camiseta-manga-corta-morgan\/","title":{"rendered":"Camiseta manga corta Morgan"},"content":{"rendered":"<p>Camiseta Morgan modelo DEM<\/p>\n<p>Camiseta con mensaje, corte recto, cuello redondo, manga corta, mensaje M estampado en la parte delantera. Prenda c\u00f3moda y agradable para acompa\u00f1ar tus looks diarios y puedes combinar con el pantal\u00f3n PFIJA.F y la chaqueta VIJA.F y tienes el total look ideal para cualquier evento u ocasi\u00f3n especial.<\/p>\n<p>Composici\u00f3n: 50% algod\u00f3n y 50% modal.<\/p>\n<p>Lavar m\u00e1ximo a 30 grados, no usar secadora y planchar a 110 grados m\u00e1ximo.<\/p>\n<p>Disponible en tallas: S, M, L y XL.<\/p>\n<p>&nbsp;<\/p>\n","protected":false},"excerpt":{"rendered":"<p>Camiseta Morgan modelo DEM Camiseta con mensaje, corte recto, cuello redondo, manga corta, mensaje M estampado en la parte delantera. Prenda c\u00f3moda y agradable para acompa\u00f1ar tus looks diarios y puedes combinar con el pantal\u00f3n PFIJA.F y la chaqueta VIJA.F y tienes el total look ideal para cualquier evento u ocasi\u00f3n especial. Composici\u00f3n: 50% algod\u00f3n [&hellip;]<\/p>\n","protected":false},"featured_media":7186,"comment_status":"open","ping_status":"closed","template":"","meta":{"_monsterinsights_skip_tracking":false,"_monsterinsights_sitenote_active":false,"_monsterinsights_sitenote_note":"","_monsterinsights_sitenote_category":0},"product_cat":[78,15,33,20],"product_tag":[79,66,105,67],"class_list":{"0":"post-7181","1":"product","2":"type-product","3":"status-publish","4":"has-post-thumbnail","6":"product_cat-camisetas-y-tops","7":"product_cat-mujer","8":"product_cat-regalos","9":"product_cat-temporada","10":"product_tag-camisetas-y-tops","11":"product_tag-mujer","12":"product_tag-regalos","13":"product_tag-temporada","15":"first","16":"instock","17":"sold-individually","18":"taxable","19":"shipping-taxable","20":"purchasable","21":"product-type-variable","22":"add-to-wishlist-after_add_to_cart"},"yoast_head":"<!-- This site is optimized with the Yoast SEO plugin v23.2 - https:\/\/yoast.com\/wordpress\/plugins\/seo\/ -->\n<title>Camiseta manga corta Morgan - Nia Moda - Moda y Belleza<\/title>\n<meta name=\"robots\" content=\"index, follow, max-snippet:-1, max-image-preview:large, max-video-preview:-1\" \/>\n<link rel=\"canonical\" href=\"https:\/\/www.niamoda.es\/index.php\/producto\/camiseta-manga-corta-morgan\/\" \/>\n<meta property=\"og:locale\" content=\"es_ES\" \/>\n<meta property=\"og:type\" content=\"article\" \/>\n<meta property=\"og:title\" content=\"Camiseta manga corta Morgan - Nia Moda - Moda y Belleza\" \/>\n<meta property=\"og:description\" content=\"Camiseta Morgan modelo DEM Camiseta con mensaje, corte recto, cuello redondo, manga corta, mensaje M estampado en la parte delantera. Prenda c\u00f3moda y agradable para acompa\u00f1ar tus looks diarios y puedes combinar con el pantal\u00f3n PFIJA.F y la chaqueta VIJA.F y tienes el total look ideal para cualquier evento u ocasi\u00f3n especial. Composici\u00f3n: 50% algod\u00f3n [&hellip;]\" \/>\n<meta property=\"og:url\" content=\"https:\/\/www.niamoda.es\/index.php\/producto\/camiseta-manga-corta-morgan\/\" \/>\n<meta property=\"og:site_name\" content=\"Nia Moda - Moda y Belleza\" \/>\n<meta property=\"og:image\" content=\"https:\/\/www.niamoda.es\/wp-content\/uploads\/2025\/10\/252-dem.jpg\" \/>\n\t<meta property=\"og:image:width\" content=\"1194\" \/>\n\t<meta property=\"og:image:height\" content=\"1552\" \/>\n\t<meta property=\"og:image:type\" content=\"image\/jpeg\" \/>\n<meta name=\"twitter:card\" content=\"summary_large_image\" \/>\n<meta name=\"twitter:label1\" content=\"Tiempo de lectura\" \/>\n\t<meta name=\"twitter:data1\" content=\"1 minuto\" \/>\n<script type=\"application\/ld+json\" class=\"yoast-schema-graph\">{\"@context\":\"https:\/\/schema.org\",\"@graph\":[{\"@type\":\"WebPage\",\"@id\":\"https:\/\/www.niamoda.es\/index.php\/producto\/camiseta-manga-corta-morgan\/\",\"url\":\"https:\/\/www.niamoda.es\/index.php\/producto\/camiseta-manga-corta-morgan\/\",\"name\":\"Camiseta manga corta Morgan - Nia Moda - Moda y Belleza\",\"isPartOf\":{\"@id\":\"https:\/\/www.niamoda.es\/#website\"},\"primaryImageOfPage\":{\"@id\":\"https:\/\/www.niamoda.es\/index.php\/producto\/camiseta-manga-corta-morgan\/#primaryimage\"},\"image\":{\"@id\":\"https:\/\/www.niamoda.es\/index.php\/producto\/camiseta-manga-corta-morgan\/#primaryimage\"},\"thumbnailUrl\":\"https:\/\/www.niamoda.es\/wp-content\/uploads\/2025\/10\/252-dem.jpg\",\"datePublished\":\"2025-10-01T09:48:48+00:00\",\"dateModified\":\"2025-10-01T09:48:48+00:00\",\"breadcrumb\":{\"@id\":\"https:\/\/www.niamoda.es\/index.php\/producto\/camiseta-manga-corta-morgan\/#breadcrumb\"},\"inLanguage\":\"es\",\"potentialAction\":[{\"@type\":\"ReadAction\",\"target\":[\"https:\/\/www.niamoda.es\/index.php\/producto\/camiseta-manga-corta-morgan\/\"]}]},{\"@type\":\"ImageObject\",\"inLanguage\":\"es\",\"@id\":\"https:\/\/www.niamoda.es\/index.php\/producto\/camiseta-manga-corta-morgan\/#primaryimage\",\"url\":\"https:\/\/www.niamoda.es\/wp-content\/uploads\/2025\/10\/252-dem.jpg\",\"contentUrl\":\"https:\/\/www.niamoda.es\/wp-content\/uploads\/2025\/10\/252-dem.jpg\",\"width\":1194,\"height\":1552},{\"@type\":\"BreadcrumbList\",\"@id\":\"https:\/\/www.niamoda.es\/index.php\/producto\/camiseta-manga-corta-morgan\/#breadcrumb\",\"itemListElement\":[{\"@type\":\"ListItem\",\"position\":1,\"name\":\"Portada\",\"item\":\"https:\/\/www.niamoda.es\/\"},{\"@type\":\"ListItem\",\"position\":2,\"name\":\"Tienda\",\"item\":\"https:\/\/www.niamoda.es\/index.php\/tienda\/\"},{\"@type\":\"ListItem\",\"position\":3,\"name\":\"Camiseta manga corta Morgan\"}]},{\"@type\":\"WebSite\",\"@id\":\"https:\/\/www.niamoda.es\/#website\",\"url\":\"https:\/\/www.niamoda.es\/\",\"name\":\"Nia Moda - Moda y Belleza\",\"description\":\"\",\"publisher\":{\"@id\":\"https:\/\/www.niamoda.es\/#organization\"},\"potentialAction\":[{\"@type\":\"SearchAction\",\"target\":{\"@type\":\"EntryPoint\",\"urlTemplate\":\"https:\/\/www.niamoda.es\/?s={search_term_string}\"},\"query-input\":\"required name=search_term_string\"}],\"inLanguage\":\"es\"},{\"@type\":\"Organization\",\"@id\":\"https:\/\/www.niamoda.es\/#organization\",\"name\":\"N\u00ceA Moda&Belleza\",\"url\":\"https:\/\/www.niamoda.es\/\",\"logo\":{\"@type\":\"ImageObject\",\"inLanguage\":\"es\",\"@id\":\"https:\/\/www.niamoda.es\/#\/schema\/logo\/image\/\",\"url\":\"https:\/\/www.niamoda.es\/wp-content\/uploads\/2026\/03\/nialogo.jpg\",\"contentUrl\":\"https:\/\/www.niamoda.es\/wp-content\/uploads\/2026\/03\/nialogo.jpg\",\"width\":361,\"height\":242,\"caption\":\"N\u00ceA Moda&Belleza\"},\"image\":{\"@id\":\"https:\/\/www.niamoda.es\/#\/schema\/logo\/image\/\"}}]}<\/script>\n<!-- \/ Yoast SEO plugin. -->","yoast_head_json":{"title":"Camiseta manga corta Morgan - Nia Moda - Moda y Belleza","robots":{"index":"index","follow":"follow","max-snippet":"max-snippet:-1","max-image-preview":"max-image-preview:large","max-video-preview":"max-video-preview:-1"},"canonical":"https:\/\/www.niamoda.es\/index.php\/producto\/camiseta-manga-corta-morgan\/","og_locale":"es_ES","og_type":"article","og_title":"Camiseta manga corta Morgan - Nia Moda - Moda y Belleza","og_description":"Camiseta Morgan modelo DEM Camiseta con mensaje, corte recto, cuello redondo, manga corta, mensaje M estampado en la parte delantera. Prenda c\u00f3moda y agradable para acompa\u00f1ar tus looks diarios y puedes combinar con el pantal\u00f3n PFIJA.F y la chaqueta VIJA.F y tienes el total look ideal para cualquier evento u ocasi\u00f3n especial. Composici\u00f3n: 50% algod\u00f3n [&hellip;]","og_url":"https:\/\/www.niamoda.es\/index.php\/producto\/camiseta-manga-corta-morgan\/","og_site_name":"Nia Moda - Moda y Belleza","og_image":[{"width":1194,"height":1552,"url":"https:\/\/www.niamoda.es\/wp-content\/uploads\/2025\/10\/252-dem.jpg","type":"image\/jpeg"}],"twitter_card":"summary_large_image","twitter_misc":{"Tiempo de lectura":"1 minuto"},"schema":{"@context":"https:\/\/schema.org","@graph":[{"@type":"WebPage","@id":"https:\/\/www.niamoda.es\/index.php\/producto\/camiseta-manga-corta-morgan\/","url":"https:\/\/www.niamoda.es\/index.php\/producto\/camiseta-manga-corta-morgan\/","name":"Camiseta manga corta Morgan - Nia Moda - Moda y Belleza","isPartOf":{"@id":"https:\/\/www.niamoda.es\/#website"},"primaryImageOfPage":{"@id":"https:\/\/www.niamoda.es\/index.php\/producto\/camiseta-manga-corta-morgan\/#primaryimage"},"image":{"@id":"https:\/\/www.niamoda.es\/index.php\/producto\/camiseta-manga-corta-morgan\/#primaryimage"},"thumbnailUrl":"https:\/\/www.niamoda.es\/wp-content\/uploads\/2025\/10\/252-dem.jpg","datePublished":"2025-10-01T09:48:48+00:00","dateModified":"2025-10-01T09:48:48+00:00","breadcrumb":{"@id":"https:\/\/www.niamoda.es\/index.php\/producto\/camiseta-manga-corta-morgan\/#breadcrumb"},"inLanguage":"es","potentialAction":[{"@type":"ReadAction","target":["https:\/\/www.niamoda.es\/index.php\/producto\/camiseta-manga-corta-morgan\/"]}]},{"@type":"ImageObject","inLanguage":"es","@id":"https:\/\/www.niamoda.es\/index.php\/producto\/camiseta-manga-corta-morgan\/#primaryimage","url":"https:\/\/www.niamoda.es\/wp-content\/uploads\/2025\/10\/252-dem.jpg","contentUrl":"https:\/\/www.niamoda.es\/wp-content\/uploads\/2025\/10\/252-dem.jpg","width":1194,"height":1552},{"@type":"BreadcrumbList","@id":"https:\/\/www.niamoda.es\/index.php\/producto\/camiseta-manga-corta-morgan\/#breadcrumb","itemListElement":[{"@type":"ListItem","position":1,"name":"Portada","item":"https:\/\/www.niamoda.es\/"},{"@type":"ListItem","position":2,"name":"Tienda","item":"https:\/\/www.niamoda.es\/index.php\/tienda\/"},{"@type":"ListItem","position":3,"name":"Camiseta manga corta Morgan"}]},{"@type":"WebSite","@id":"https:\/\/www.niamoda.es\/#website","url":"https:\/\/www.niamoda.es\/","name":"Nia Moda - Moda y Belleza","description":"","publisher":{"@id":"https:\/\/www.niamoda.es\/#organization"},"potentialAction":[{"@type":"SearchAction","target":{"@type":"EntryPoint","urlTemplate":"https:\/\/www.niamoda.es\/?s={search_term_string}"},"query-input":"required name=search_term_string"}],"inLanguage":"es"},{"@type":"Organization","@id":"https:\/\/www.niamoda.es\/#organization","name":"N\u00ceA Moda&Belleza","url":"https:\/\/www.niamoda.es\/","logo":{"@type":"ImageObject","inLanguage":"es","@id":"https:\/\/www.niamoda.es\/#\/schema\/logo\/image\/","url":"https:\/\/www.niamoda.es\/wp-content\/uploads\/2026\/03\/nialogo.jpg","contentUrl":"https:\/\/www.niamoda.es\/wp-content\/uploads\/2026\/03\/nialogo.jpg","width":361,"height":242,"caption":"N\u00ceA Moda&Belleza"},"image":{"@id":"https:\/\/www.niamoda.es\/#\/schema\/logo\/image\/"}}]}},"_links":{"self":[{"href":"https:\/\/www.niamoda.es\/index.php\/wp-json\/wp\/v2\/product\/7181","targetHints":{"allow":["GET"]}}],"collection":[{"href":"https:\/\/www.niamoda.es\/index.php\/wp-json\/wp\/v2\/product"}],"about":[{"href":"https:\/\/www.niamoda.es\/index.php\/wp-json\/wp\/v2\/types\/product"}],"replies":[{"embeddable":true,"href":"https:\/\/www.niamoda.es\/index.php\/wp-json\/wp\/v2\/comments?post=7181"}],"wp:featuredmedia":[{"embeddable":true,"href":"https:\/\/www.niamoda.es\/index.php\/wp-json\/wp\/v2\/media\/7186"}],"wp:attachment":[{"href":"https:\/\/www.niamoda.es\/index.php\/wp-json\/wp\/v2\/media?parent=7181"}],"wp:term":[{"taxonomy":"product_cat","embeddable":true,"href":"https:\/\/www.niamoda.es\/index.php\/wp-json\/wp\/v2\/product_cat?post=7181"},{"taxonomy":"product_tag","embeddable":true,"href":"https:\/\/www.niamoda.es\/index.php\/wp-json\/wp\/v2\/product_tag?post=7181"}],"curies":[{"name":"wp","href":"https:\/\/api.w.org\/{rel}","templated":true}]}}